{"id":57,"date":"2026-02-26T09:49:52","date_gmt":"2026-02-26T09:49:52","guid":{"rendered":"https:\/\/ucboyutmedikal.com\/?page_id=57"},"modified":"2026-02-26T10:54:53","modified_gmt":"2026-02-26T10:54:53","slug":"elementor-57","status":"publish","type":"page","link":"https:\/\/ucboyutmedikal.com\/","title":{"rendered":""},"content":{"rendered":"\t\t<div data-elementor-type=\"wp-page\" data-elementor-id=\"57\" class=\"elementor elementor-57\" data-elementor-post-type=\"page\">\n\t\t\t\t<div class=\"elementor-element elementor-element-c8c800c e-flex e-con-boxed e-con e-parent\" data-id=\"c8c800c\" data-element_type=\"container\" data-e-type=\"container\">\n\t\t\t\t\t<div class=\"e-con-inner\">\n\t\t\t\t<div class=\"elementor-element elementor-element-e84747e elementor-widget elementor-widget-spacer\" data-id=\"e84747e\" data-element_type=\"widget\" data-e-type=\"widget\" data-widget_type=\"spacer.default\">\n\t\t\t\t\t\t\t<div class=\"elementor-spacer\">\n\t\t\t<div class=\"elementor-spacer-inner\"><\/div>\n\t\t<\/div>\n\t\t\t\t\t\t<\/div>\n\t\t\t\t\t<\/div>\n\t\t\t\t<\/div>\n\t\t<div class=\"elementor-element elementor-element-901eda0 e-flex e-con-boxed e-con e-parent\" data-id=\"901eda0\" data-element_type=\"container\" data-e-type=\"container\">\n\t\t\t\t\t<div class=\"e-con-inner\">\n\t\t\t\t<div class=\"elementor-element elementor-element-e720b6c elementor-widget elementor-widget-image\" data-id=\"e720b6c\" data-element_type=\"widget\" data-e-type=\"widget\" data-widget_type=\"image.default\">\n\t\t\t\t\t\t\t\t\t\t\t\t\t\t\t<img fetchpriority=\"high\" decoding=\"async\" width=\"1536\" height=\"687\" src=\"https:\/\/ucboyutmedikal.com\/wp-content\/uploads\/2026\/02\/Uc-Boyut-Logo-For-Website-1536x687.png\" class=\"attachment-1536x1536 size-1536x1536 wp-image-82\" alt=\"\" srcset=\"https:\/\/ucboyutmedikal.com\/wp-content\/uploads\/2026\/02\/Uc-Boyut-Logo-For-Website-1536x687.png 1536w, https:\/\/ucboyutmedikal.com\/wp-content\/uploads\/2026\/02\/Uc-Boyut-Logo-For-Website-300x134.png 300w, https:\/\/ucboyutmedikal.com\/wp-content\/uploads\/2026\/02\/Uc-Boyut-Logo-For-Website-1024x458.png 1024w, https:\/\/ucboyutmedikal.com\/wp-content\/uploads\/2026\/02\/Uc-Boyut-Logo-For-Website-768x344.png 768w, https:\/\/ucboyutmedikal.com\/wp-content\/uploads\/2026\/02\/Uc-Boyut-Logo-For-Website.png 1667w\" sizes=\"(max-width: 1536px) 100vw, 1536px\" \/>\t\t\t\t\t\t\t\t\t\t\t\t\t\t\t<\/div>\n\t\t\t\t<div class=\"elementor-element elementor-element-c1f13a8 elementor-widget-divider--view-line elementor-widget elementor-widget-divider\" data-id=\"c1f13a8\" data-element_type=\"widget\" data-e-type=\"widget\" data-widget_type=\"divider.default\">\n\t\t\t\t\t\t\t<div class=\"elementor-divider\">\n\t\t\t<span class=\"elementor-divider-separator\">\n\t\t\t\t\t\t<\/span>\n\t\t<\/div>\n\t\t\t\t\t\t<\/div>\n\t\t\t\t\t<\/div>\n\t\t\t\t<\/div>\n\t\t<div class=\"elementor-element elementor-element-33d0fb5 e-flex e-con-boxed e-con e-parent\" data-id=\"33d0fb5\" data-element_type=\"container\" data-e-type=\"container\">\n\t\t\t\t\t<div class=\"e-con-inner\">\n\t\t\t\t<div class=\"elementor-element elementor-element-de71a15 elementor-widget elementor-widget-heading\" data-id=\"de71a15\" data-element_type=\"widget\" data-e-type=\"widget\" data-widget_type=\"heading.default\">\n\t\t\t\t\t<h2 class=\"elementor-heading-title elementor-size-default\">Web sitemiz yap\u0131m a\u015famas\u0131ndad\u0131r.<\/h2>\t\t\t\t<\/div>\n\t\t<div class=\"elementor-element elementor-element-a4d4e92 e-flex e-con-boxed e-con e-child\" data-id=\"a4d4e92\" data-element_type=\"container\" data-e-type=\"container\">\n\t\t\t\t\t<div class=\"e-con-inner\">\n\t\t\t\t<div class=\"elementor-element elementor-element-21cc346 elementor-widget elementor-widget-google_maps\" data-id=\"21cc346\" data-element_type=\"widget\" data-e-type=\"widget\" data-widget_type=\"google_maps.default\">\n\t\t\t\t\t\t\t<div class=\"elementor-custom-embed\">\n\t\t\t<iframe loading=\"lazy\"\n\t\t\t\t\tsrc=\"https:\/\/maps.google.com\/maps?q=%C3%BC%C3%A7boyut%20t%C4%B1p%20t%C4%B1bbi%20%C3%BCr%C3%BCnerl%20pazarlama%20edirne%20merkez&#038;t=m&#038;z=14&#038;output=embed&#038;iwloc=near\"\n\t\t\t\t\ttitle=\"\u00fc\u00e7boyut t\u0131p t\u0131bbi \u00fcr\u00fcnerl pazarlama edirne merkez\"\n\t\t\t\t\taria-label=\"\u00fc\u00e7boyut t\u0131p t\u0131bbi \u00fcr\u00fcnerl pazarlama edirne merkez\"\n\t\t\t><\/iframe>\n\t\t<\/div>\n\t\t\t\t\t\t<\/div>\n\t\t\t\t\t<\/div>\n\t\t\t\t<\/div>\n\t\t\t\t\t<\/div>\n\t\t\t\t<\/div>\n\t\t\t\t<\/div>\n\t\t","protected":false},"excerpt":{"rendered":"<p>Web sitemiz yap\u0131m a\u015famas\u0131ndad\u0131r.<\/p>\n","protected":false},"author":1,"featured_media":0,"parent":0,"menu_order":0,"comment_status":"closed","ping_status":"closed","template":"","meta":{"footnotes":""},"class_list":["post-57","page","type-page","status-publish","hentry"],"_hostinger_reach_plugin_has_subscription_block":false,"_hostinger_reach_plugin_is_elementor":false,"_links":{"self":[{"href":"https:\/\/ucboyutmedikal.com\/index.php?rest_route=\/wp\/v2\/pages\/57","targetHints":{"allow":["GET"]}}],"collection":[{"href":"https:\/\/ucboyutmedikal.com\/index.php?rest_route=\/wp\/v2\/pages"}],"about":[{"href":"https:\/\/ucboyutmedikal.com\/index.php?rest_route=\/wp\/v2\/types\/page"}],"author":[{"embeddable":true,"href":"https:\/\/ucboyutmedikal.com\/index.php?rest_route=\/wp\/v2\/users\/1"}],"replies":[{"embeddable":true,"href":"https:\/\/ucboyutmedikal.com\/index.php?rest_route=%2Fwp%2Fv2%2Fcomments&post=57"}],"version-history":[{"count":71,"href":"https:\/\/ucboyutmedikal.com\/index.php?rest_route=\/wp\/v2\/pages\/57\/revisions"}],"predecessor-version":[{"id":140,"href":"https:\/\/ucboyutmedikal.com\/index.php?rest_route=\/wp\/v2\/pages\/57\/revisions\/140"}],"wp:attachment":[{"href":"https:\/\/ucboyutmedikal.com\/index.php?rest_route=%2Fwp%2Fv2%2Fmedia&parent=57"}],"curies":[{"name":"wp","href":"https:\/\/api.w.org\/{rel}","templated":true}]}}